late the remainder when q is divided by 6.
4
Suppose -4*z - z = -5. Suppose -5*w + 2*w + 6 = 0. Calculate the remainder when w is divided by z.
0
Suppose 0 = -2*a + 5*f, 0 = 3*a + 2*f - 4*f - 11. Suppose d + 140 = a*l - 0*l, -3*l + 82 = -d. What is the remainder when l is divided by 10?
9
Let j = 92 - 54. Let n = -1 + 14. Calculate the remainder when j is divided by n.
12
Suppose -39*t + 63 = -38*t. Calculate the remainder when 250 is divided by t.
61
What is the remainder when 40 is divided by 25/10*(-56)/(-10)?
12
Let h = 166 - 81. Suppose y = 6*x - 2*x + 18, 0 = -2*y - 4*x + 48. What is the remainder when h is divided by y?
19
Suppose -3*p + 129 = -3. Suppose -3*w = 4*a - 84, 0*a - w + p = 2*a. Calculate the remainder when 70 is divided by a.
22
Suppose 5*h = -3*m + 56, -3*h - 11 - 13 = -3*m. What is the remainder when m is divided by 5?
2
Let c = -29 - -58. Calculate the remainder when c is divided by 8.
5
Let b = 29 - 17. Suppose -3*o + b = -6*o. What is the remainder when 4 is divided by 6/24 + (-11)/o?
1
Suppose f + 3*k - 13 = 0, 2*f + f = 4*k. Calculate the remainder when 5*1 + (f - 4) is divided by 4.
1
Let h be (-8 - (-2 - -2)) + 1. Let n = h - -11. Suppose 3*y - 17 = 1. What is the remainder when y is divided by n?
2
Let t = 5 + 1. Calculate the remainder when 400/14 - 128/224 is divided by t.
4
Let s(w) = -w**2 - 7*w - 6. Let p be s(-4). Suppose -27 = -p*q + 3*q. Calculate the remainder when (-12)/16 + (-309)/(-12) is divided by q.
7
Let w(q) = q**3 + 7*q**2 - 9*q + 5. Suppose 0 = d + z - 2, 0*d - d + 5 = 4*z. Let r = -9 + d. Calculate the remainder when 38 is divided by w(r).
12
Suppose 0 = -6*i + 2*i. Suppose 2*p + 21 - 79 = i. Calculate the remainder when p is divided by 6.
5
Let j(s) = -s**2 - 8*s + 11. Calculate the remainder when j(-5) is divided by 7.
5
Let l = -130 + 40. Let w = l + 152. Calculate the remainder when w is divided by 16.
14
Let p = 143 - 102. Suppose -54 = -3*o - 3*a, -2*o - 4*a = -3*o + 38. What is the remainder when p is divided by o?
19
Suppose m = 163 - 152. What is the remainder when 46 is divided by m?
2
Let o(h) = -h + 1. Let l be (-1)/(1 + (-6)/9). What is the remainder when o(l) is divided by -1 + (0 + 1 - -2)?
0
Let o be (2 + (-2 - 0))/(-2). Let u = 10 - o. Let z = -8 - -27. Calculate the remainder when z is divided by u.
9
Suppose 5*o - 2 = 3. Let y be 14 + 1*-2*o. Calculate the remainder when 3/y - (-182)/8 is divided by 8.
7
Suppose 603 = 4*v + 15. Suppose p = 4*z + z + 39, -z - v = -5*p. What is the remainder when p is divided by 10?
9
Suppose -4*c + 74 = -58. Let j(u) = 41*u**3 + u**2 - 1. Calculate the remainder when j(1) is divided by c*((-15)/9)/(-5).
8
Suppose 0 = -2*n + 6*n + 248. Let a = 11 - n. Suppose 5*u = u + 4*j + 52, 3*j = -5*u + a. Calculate the remainder when 40 is divided by u.
12
Let y = -24 - -46. Let b be -1*(6/(-2) + -2). Let j(n) = 14*n - 6. Calculate the remainder when j(b) is divided by y.
20
Let o = -85 + 149. Suppose -5*a = -o - 21. Let f(d) = d**3 + 2*d**2 + 2*d - 2. What is the remainder when f(3) is divided by a?
15
Suppose 3*m + 76 = 3*l - 59, l + m = 39. What is the remainder when 123 is divided by l?
39
Suppose -4*r + 2*r = 46. Let x = -9 - r. Calculate the remainder when 40 is divided by x.
12
Suppose -4*j + 10 - 2 = 0. Let p be j/3 + 35/15. Let y(t) = t**3 - 3*t**2 + 2*t - 2. What is the remainder when 11 is divided by y(p)?
3
Suppose -2*d - 90 = -7*d. What is the remainder when d is divided by 7?
4
Suppose 2*o = 22 + 32. What is the remainder when 50 is divided by o?
23
Suppose -81 = -5*z - 2*f + 178, -44 = -z - 3*f. Suppose 6*p - 42 = 3*p. Calculate the remainder when z is divided by p.
11
Suppose 2*x = 13 - 1. Suppose -4*k + 5*k + 2*l - 17 = 0, -l - 34 = -2*k. Calculate the remainder when k is divided by x.
5
Suppose -4*k = -2*k - 2*i + 4, -i + 5 = 0. Let y(j) = -j**3 - 5*j**2 + 5*j - 5. Calculate the remainder when (-1 + 5 + -1)/k is divided by y(-6).
0
Suppose 4 - 36 = -n. Suppose 0 = t + 2*t - 279. What is the remainder when t is divided by n?
29
Let j(l) = -l**2 + 14*l - 27. Calculate the remainder when 20 is divided by j(11).
2
Let l(k) = k + 9. Let h = 1 + 1. Suppose 0 = 2*t - q - 3, 4*q + 4 = 2*t + h*t. What is the remainder when l(-6) is divided by t?
1
Suppose v = -5*o - 2*v + 117, -44 = -2*o - 4*v. Suppose 4*p - x - o = -4*x, 12 = -3*x. What is the remainder when 14 is divided by p?
5
Suppose -5*q + 29 = 4*h - 10*q, -h = -3*q - 16. What is the remainder when 60/(4 - h) + -1 is divided by 10?
9
Calculate the remainder when (-4 - -3)*23/(-1) is divided by 12.
11
Suppose 0*b + 114 = b - 4*d, -d + 94 = b. Let v(g) = -g**3 - 10*g**2 + g + 43. Calculate the remainder when b is divided by v(-10).
32
Suppose -2*t + 49 = 1. Let q = -19 + 32. What is the remainder when t is divided by q?
11
Let n = 58 + 109. What is the remainder when n is divided by 13?
11
Let g(o) = o**2 + o - 4. Let n be g(-3). Suppose -u + 23 = -f, -37 = -n*u - 0*u - f. Calculate the remainder when 58 is divided by u.
18
Let o(h) = 9*h**2 - 2 - 5 - 10*h**2 + 4 + 13*h. Calculate the remainder when o(11) is divided by 5.
4
Calculate the remainder when 3/((-336)/116 + 3) is divided by 6.
5
Let h = 0 + -5. Suppose 49 = 5*n + 3*f - 2*f, -5*f = 2*n - 15. Calculate the remainder when (-268)/(-10) - 1/h is divided by n.
7
Let m(f) = -f**3 + 6*f**2 + 4*f - 7. What is the remainder when 32 is divided by m(6)?
15
Suppose -12 - 3 = -3*f. Let v(u) = -2*u - 3*u + 4*u**2 - f*u**2 - 1. What is the remainder when v(-3) is divided by 3?
2
Let y = 12 - 3. Calculate the remainder when (-49)/(-3) + 2/3 is divided by y.
8
Let x(a) = a**2 + a - 7. Suppose 3*c - 1 = -7. What is the remainder when x(-6) is divided by (-20)/c + 1*-2?
7
Let y = 28 - 16. What is the remainder when 29 is divided by (-2)/4 + 186/y?
14
Let g = 80 + -13. Calculate the remainder when g is divided by 35.
32
Let s be (-5)/10 + 2/(-4). Calculate the remainder when 22 is divided by 8/(s/(-1)*1).
6
Suppose 4*k + 3 - 23 = 0. What is the remainder when k is divided by (-132)/154*(-7)/2?
2
Suppose -2*b - 5*n = 8, -2*n + 2 = -2*b + 8. What is the remainder when 50 is divided by b/(-1) + 70/5?
11
Let t = 28 - 26. What is the remainder when t is divided by 1?
0
Suppose 2*i + 7 = 29. Let l = -7 + 12. Suppose 4*c = b + 163, c + 4*c - 210 = -l*b. What is the remainder when c is divided by i?
8
Let w(d) be the third derivative of 1/60*d**5 - 1/4*d**4 + 0*d + 3*d**2 + 0 + 5/6*d**3. What is the remainder when w(7) is divided by 7?
5
Let s = 19 + -12. Let y(a) = a**2 + 5*a + 5. What is the remainder when y(-7) is divided by s?
5
Let c = -124 - -190. What is the remainder when 263 is divided by c?
65
Let d = -212 + 300. Suppose 3*z = -z + d. Let i(n) = n**3 + 6*n**2 - 2*n - 6. Calculate the remainder when z is divided by i(-6).
4
Let b = -7 + 10. Suppose -9 = 3*f, 0 = 6*z - 2*z + 3*f - b. Suppose 5*r = 3 + 22. What is the remainder when r is divided by z?
2
Let v = -3 - -4. What is the remainder when 70 is divided by 3 - (-21 + -1 + v)?
22
Let n = -6 + 6. Suppose 4 = -n*u + 2*u. What is the remainder when 27 is divided by u/5 - 340/(-25)?
13
Suppose 5*a + 3*f - 131 = 79, -3*a + 126 = -3*f. Calculate the remainder when a is divided by 11.
9
Let y be 6/(27/12 + -2). Suppose -5*a + a - h + 50 = 0, -h + y = 2*a. Calculate the remainder when 1/(-1) + a + 0 is divided by 7.
5
Let y = 21 - 5. Suppose 2*g = 2*l + y, 2*l = g - 2 - 5. What is the remainder when 123/5 + (-14)/(-35) is divided by g?
7
Let n(f) = -f**3 - 8*f**2 - 9*f - 1. Let d be n(-6). Let v = d - -20. Calculate the remainder when 4 is divided by v.
0
Let m(k) = k**2 + 7*k + 59. What is the remainder when m(-7) is divided by 15?
14
Let c(m) = -2*m. Let z be c(-2). Suppose z*g = 17 + 3. What is the remainder when g is divided by 3?
2
Let n = -8 - -14. Let s(u) = 4*u - 5. What is the remainder when s(n) is divided by 10?
9
Let c(d) = 2*d**2 + 6*d - 6. Let u(x) = 3*x - x**2 - 12*x + 7 + 2*x**2. What is the remainder when c(-7) is divided by u(10)?
16
Suppose 8*q = 5*q + 24. What is the remainder when ((-8)/10)/(q/(-380)) is divided by 13?
12
Let k(w) = -w**3 - 3*w**2 + 2*w + 9. What is the remainder when 30 is divided by k(-4)?
13
Let k be (-34)/(-10) - 4/10. Suppose k*h = -h. Suppose 5*v = 3*j - 12